 + 22. Let c be ((-10)/(-15))/(2/147). Let o = c + x. Calculate the highest common factor of 105 and o.
15
Let y = -47 - -33. Let i(q) = q**3 + 13*q**2 - 14*q - 5. Let r be i(y). Let h be -6 + 7 + (-1 - r). Calculate the greatest common divisor of h and 15.
5
Suppose -2*p - 6*p = -p. Suppose p = i - 10*i + 2601. What is the greatest common divisor of i and 17?
17
Let j(b) = 10*b + 3. Let s be j(7). Let r = s - 31. What is the highest common divisor of 6 and r?
6
Let f = 12 - -1. Suppose 2*s + f = 83. Calculate the highest common divisor of 385 and s.
35
Suppose 0 = -7*g + 74*g - 1608. What is the greatest common factor of 228 and g?
12
Let l be ((-9)/6)/((-2)/4). Let q be 8/(12/l) + 0. Suppose 5*m = q*m + 42. What is the highest common factor of m and 2?
2
Let s be (4 - 104/20)*4070/(-44). What is the highest common divisor of 3 and s?
3
Let d(f) = f**2 + f - 173. Let h be d(13). What is the greatest common factor of 102 and h?
3
Let m(n) be the second derivative of 1/3*n**3 + 0 + 1/12*n**4 + 3/2*n**2 + 2*n. Let u be m(4). Calculate the highest common divisor of u and 297.
27
Let d be 18/5 + 12/(-20). Let a be 6/8*(d + 41). Calculate the highest common factor of a and 44.
11
Let k = 2 - -10. Let a be (20/(-3))/(0 - 4/k). Calculate the highest common divisor of a and 80.
20
Suppose 300 = -3*x - x. Let z(w) = -w**2 - w + 42. Let l be z(-13). Let f = x - l. What is the highest common divisor of 117 and f?
39
Let a = 57 - 99. Let w = a + 158. What is the highest common divisor of w and 4?
4
Suppose -18*g + 14*g = -x + 73, -4*g - 8 = 0. What is the highest common factor of x and 45?
5
Suppose 42 = l + 3*b, -2*l + 5*b + 53 - 2 = 0. Let p = l - 18. Calculate the highest common factor of p and 180.
15
Suppose 2*z + 0*z = -h + 17, 0 = 2*z + 2*h - 20. Suppose 10 + 4 = z*d. Calculate the greatest common divisor of d and 18.
2
Let c be (1 + (-15)/6)*76/6. Let o(m) = -m**2 - 21*m - 14. Let x be o(c). Calculate the highest common divisor of x and 6.
6
Suppose 5*j = -25, 6*l = 10*l + 2*j - 214. What is the highest common factor of 7 and l?
7
Suppose 2*m + 0 - 2 = 0, 2*t = m - 3. Let c be (-13)/(-26)*(1 - 565). Let d be c/(-12) - t/2. What is the highest common factor of d and 16?
8
Let i(m) = -39*m. Let j be i(-1). Let n = -13 - -35. Suppose -19*y = -n*y + 39. Calculate the highest common divisor of y and j.
13
Let z be 15*(0/6 - -4). Calculate the highest common divisor of z and 30.
30
Let i be 27*2*10*(-1)/(-20). What is the greatest common factor of 432 and i?
27
Let p = -1 + 21. Let s = -11979 - -11987. Calculate the highest common divisor of s and p.
4
Let y be 25 + 1/((-1)/1). Suppose -7*g + 6*g + 5 = 0. Suppose g*b - 55 = -25. What is the greatest common divisor of b and y?
6
Let u = 736 + -731. Calculate the highest common factor of 215 and u.
5
Suppose 86 = 5*f - 79. Let q(k) = -k**3 - 28*k**2 + 48*k + 3. Let j be q(-30). Calculate the highest common factor of j and f.
33
Suppose 8*b - 1301 = -213. Suppose -k = -15 - 2. Calculate the greatest common divisor of k and b.
17
Let t be (-36 - -8)*(-1 + -3). Let a = -20 + 23. Suppose -12 = a*b, -2*h = b - 4*b - 44. Calculate the highest common factor of t and h.
16
Let k = 155 + -139. Let s = 33 - 10. Let c = s + -7. What is the highest common divisor of k and c?
16
Let k be 1610/63 - 8/(-18). Calculate the greatest common factor of 1209 and k.
13
Let h = 17 + -5. Let i be (-82)/(-8) - ((-45)/h + 4). Let x be (-98)/(-4) - 1/(-2). Calculate the greatest common divisor of x and i.
5
Let z be (-2)/13 - 548/(-13). Let w = z - 17. Let d(h) = -h**3 - 10*h**2 - 2*h + 5. Let u be d(-10). What is the greatest common divisor of w and u?
25
Suppose -3*a + 2 = 4*p - 2, 3*a - 8 = -2*p. Let v be ((-10)/3)/(-5) - p/6. Calculate the greatest common divisor of v and 1.
1
Let w be 17 - 3/((-6)/(-4)). Suppose 70 = j + j - 5*d, -3*j + 3*d + 96 = 0. Calculate the highest common divisor of w and j.
15
Let a be ((-8)/3 - -2)*-21. Let b be (3 - -39)*-1*-8*1. What is the highest common divisor of b and a?
14
Let o = -13 + 4. Let v be 40/(-6) - 38/(-57). Let g be -9*o/((-81)/v). What is the highest common factor of g and 6?
6
Suppose u = 5*t + 34, 2*u - 3*t - 26 = 14. What is the highest common divisor of 1442 and u?
14
Let k(y) = 4*y + 5. Let f(v) = -v**2 - 9*v + 4. Let l be f(-8). Suppose -9*p + l = -6*p. Let q be k(p). What is the highest common divisor of 14 and q?
7
Suppose 73 = -3*n + 4*f, -91 = 2*n + 3*n + f. Let s be n/(-4) - 4/(-16). Suppose -s*y + 69 = -2*y. What is the highest common divisor of 46 and y?
23
Let g(r) = r**2 + 4*r - 2. Let t be g(4). Let h be ((-48)/5)/((-4)/20). Let c = 68 - h. Calculate the greatest common divisor of c and t.
10
Let g(x) = x**3 + 5*x**2 - 18*x - 5. Let p be g(3). Calculate the greatest common divisor of p and 13.
13
Let m = 312 + -775. Let y = -328 - m. What is the highest common factor of y and 15?
15
Let q(p) = p**2 + p - 4. Let z be q(3). Suppose 0 = 4*j - z*j - 96. Let r be (80/j)/((-1)/6). Calculate the highest common divisor of r and 5.
5
Suppose 3*j - 33 = 3*l + 6, 0 = -4*l + j - 43. Let f be (l/8)/(1/(-8)). Let r be (19 - 1)*(-30)/(-9). What is the greatest common divisor of f and r?
10
Let s be ((-19)/(-19))/(-3*(-1)/258). What is the highest common factor of 1118 and s?
86
Suppose g + 3*g + d - 107 = 0, -58 = -2*g + 4*d. Suppose 2*v + 0*v - 3*h - 48 = 0, 3*h = 4*v - 84. Calculate the greatest common factor of g and v.
9
Let z be (48/(-6) - -15) + 11. What is the highest common factor of z and 42?
6
Suppose -d - 370 = -w, 3*w - 4*d - 944 = 162. Let s = w - 230. Calculate the greatest common divisor of s and 16.
16
Let v = 137 - 97. Suppose -5*z = -0*z - v. Suppose 3*c - 2*b - 16 = -0*b, 5*c = 3*b + 28. What is the highest common factor of c and z?
8
Suppose 4*j - 70 - 14 = 0. Let m be (-31*(-1)/(-2))/((-2)/(-36)). Let o = -90 - m. Calculate the highest common factor of j and o.
21
Let h be -4 + -3 - -3 - -2*1. Let x(j) = -15*j - 4. Let t be x(h). Let k(y) = 38*y**3 + 1. Let f be k(1). Calculate the highest common divisor of t and f.
13
Let v be (-1)/2 - (-162)/4. Let h = 1314 - 1306. What is the greatest common divisor of v and h?
8
Suppose 4*m + m = 0, 2*m - 32 = 2*j. Let r = 38 + j. Let i = r + -14. Calculate the highest common factor of i and 1.
1
Let r(v) = -v**3 + 2*v - 4*v - 8*v**2 - 6 - v**3. Let q be 15/(-255)*-17 + (-10)/2. Let m be r(q). Calculate the highest common factor of m and 16.
2
Suppose 0 = -12*z + 14*z - 14. Calculate the greatest common factor of z and 63.
7
Let o be -171*(-2 - (-20)/15). Suppose 2*k + 4*h = 32 + 36, -5*k = -4*h - o. What is the greatest common divisor of 65 and k?
13
Suppose -3*k - 5*j = 170, 1 = 2*k - 5*j + 131. Let r = 66 + k. Calculate the greatest common factor of r and 48.
6
Let w be (-50)/(-8) + (-2 + -2)/16. Let k = -4 - -9. Suppose k*x - 3*s - s = 136, -s - 4 = 0. Calculate the greatest common divisor of w and x.
6
Suppose 0*n - 770 = -5*n + 5*a, -5*n - 4*a + 770 = 0. Suppose -z + 2*z + 3*v = 10, -v - 114 = -5*z. What is the greatest common divisor of n and z?
22
Let n(i) = -i**2 + 13*i + 17. Let h be n(9). Suppose -3*s + h = -19. Calculate the greatest common factor of s and 3.
3
Let z(t) = t**3 - 5*t**2 - 13*t + 66. Let m be z(6). Suppose -3*s + 2*q + 140 = -2*q, -4*q = s - 52. Calculate the greatest common divisor of s and m.
24
Suppose -2*n + 28 = -5*j, 2*j + 2*j = -2*n - 26. Let h be j*((-28)/8)/7 + -1. What is the highest common factor of h and 14?
2
Let n = 1 + 0. Let u = -43 - -47. Suppose 10*z = u*z + 30. What is the highest common factor of n and z?
1
Let i(m) = 2*m - 7. Let q = -36 + 63. Suppose 2*b - q = -b. Let u be i(b). What is the greatest common factor of u and 121?
11
Suppose -2*s - 7 = -3*y - 224, -3*s = 2*y - 306. Calculate the highest common divisor of s and 182.
26
Let k(i) = i**3 + 8*i**2 + 6*i + 1. Suppose -3*d = 14 + 7. Let j be k(d). Let n be j/(-10) + (-1212)/(-15). What is the greatest common divisor of n and 16?
16
Let n = 120 + -109. Calculate the highest common factor of 2 and n.
1
Let g be (-1)/(-2 - (-33)/18). Let o be -2 + 141/15 + 8/(-20). Let a be 1/o + (-1040)/(-70). Calculate the highest common factor of a and g.
3
Let h be 204*7/56 - 3/(-2). Let c be 63/(-27)*(-80 - 1). Calculate the high